47 is divided by u.
7
Calculate the remainder when 5/(-4 - (-39879)/9961) is divided by 89.
88
Suppose -10*o - 3 = -333. Suppose -o*d - 1425 = -38*d. Calculate the remainder when d is divided by 12.
9
Let c = -54 - -343. Suppose -59*s + 57*s = -58. Calculate the remainder when c is divided by s.
28
Let i(o) = -7*o**2 + 2*o + 2. Let u be i(2). Let m = 23 + u. Let x(z) = 74*z**2 + z - 1. What is the remainder when x(m) is divided by 19?
17
Let u be 54/(-12)*(-3 + 1). Suppose 135 - 621 = -u*y. Suppose -3*x - 4*d = -3*d - 44, d = 4*x - y. Calculate the remainder when 67 is divided by x.
11
Suppose -3 = -4*t + 5. Suppose -29 = t*m - 45. Suppose 0 = d - 11 - m. Calculate the remainder when 55 is divided by d.
17
Calculate the remainder when 4990 is divided by (-12352)/(-192) - (-1)/(-3).
62
Suppose 0 = x + h - 141, -h + 26 = 3*x - 399. What is the remainder when x is divided by 41?
19
Suppose -4*z - 7*z = -209. Calculate the remainder when 180/(-360) + 286/4 + 2 is divided by z.
16
Suppose -5*p = 5*g - 4495, -138*p = 5*g - 140*p - 4453. What is the remainder when 945 is divided by g?
52
Let a = -28243 - -29143. Calculate the remainder when 1810 is divided by a.
10
Let a(x) = x**3 + 59*x**2 + 218*x + 104. What is the remainder when 434 is divided by a(-55)?
6
Let w(i) be the second derivative of i**5/20 - 5*i**3/3 - 2*i**2 - 4*i. Calculate the remainder when w(5) is divided by 18.
17
Suppose 0 = -j + 15*j + 420. Let m(k) = -3*k - 3. Calculate the remainder when ((-40)/(-6) - 7)*j is divided by m(-3).
4
Suppose -2*b = 2*s - 4, -4*b + 4*s + 15 = -1. Suppose 10*n - 108 = -6*n + 4*n. Calculate the remainder when n is divided by b.
0
Suppose 18 + 6 = 12*p. Suppose -34*a = -385 - 363. Calculate the remainder when (-24)/(-8) - (p + -60) is divided by a.
17
Let w(b) = -b**3 + 5*b + 12. Let j be w(-4). Let t be (0 - 3/(-2)) + (-3780)/j. Let u = t - -81. Calculate the remainder when u is divided by 4.
3
Let w(y) = 42*y**2 - 35*y - 120. What is the remainder when w(-4) is divided by 27?
17
Let h = 179 - 175. Calculate the remainder when 110 is divided by 1*h*(2387/(-44))/(-7).
17
Let k = 7170 + -3644. Calculate the remainder when k is divided by 56.
54
Let r(j) = -6*j - 23. Let u be r(-4). Calculate the remainder when 1/u*(-5 - -142) is divided by 36.
29
Let l(f) = f**3 - 21*f**2 - 43*f - 73. Let p be l(24). Let i = p + -609. Calculate the remainder when i is divided by 8.
6
Suppose -n + 46 = -2*a, -a + 224 = 3*n + 58. What is the remainder when 79 is divided by n?
25
Let x = 1164 - 949. Suppose n - 16 = -3*n. Suppose 41 + x = n*q. What is the remainder when q is divided by 6?
4
Let c(f) = f**2 + 11*f - 12. Let h(y) = y + 1. Let r(o) = -c(o) - 5*h(o). Let i = -31 + 23. What is the remainder when r(i) is divided by 19?
14
Calculate the remainder when 1038 - 182/((-28)/(-2)) is divided by 128.
1
Suppose -12 = -11*o + 5*o. Let b(m) = -3*m**3 - 5*m**2 + 2*m - 9. Let p be b(-6). Suppose -w - o*w = -p. Calculate the remainder when w is divided by 38.
35
Let p(o) be the first derivative of 3*o**4/2 + 3*o**2/2 - 4*o + 183. Suppose z = -0*z + 3. What is the remainder when p(z) is divided by 42?
41
Suppose 0 = 3*h + 2*h + 35. Let b(y) = -24*y - 1. Let a(p) = -348*p + 42. Let s(d) = -a(d) + 15*b(d). Calculate the remainder when s(h) is divided by 10.
7
Suppose 0 = -2*x - 2*h + 5420, 5*x = h + 2*h + 13542. Let d = -601 + 634. Calculate the remainder when (4/6)/(14/x) is divided by d.
30
Let a(w) = 5*w**2 + 42*w + 176. Calculate the remainder when a(-7) is divided by 56.
15
Let d(s) = s**2 - 11*s + 5. Let y be d(10). Let z be (0 + (-60)/8)*(-96)/(-18). What is the remainder when ((-22)/y)/(2*(-1)/z) is divided by 13?
10
Let x(w) = 178*w**2 - 72*w + 127. Calculate the remainder when x(2) is divided by 50.
45
Suppose 4*t - 2*w - 38 = 2, -5*t - 3*w = -61. Suppose 187 = t*g - 0*g. What is the remainder when 20 is divided by g?
3
Let y be 1*(20 + (-3)/((-3)/(-1))). Suppose -v + 55 + y = 0. Calculate the remainder when v is divided by 26.
22
Suppose g - 2542 = 4*t, -5*t - 171 = -4*g + 10041. What is the remainder when g is divided by 45?
38
Suppose 0 = 5*o + 5*u - 45, 4*o + 145 = 4*u + 213. Calculate the remainder when 470 is divided by o.
2
Let h(c) = -c**2 - 8*c - 2. Calculate the remainder when 5*154/275*165/22 is divided by h(-5).
8
Suppose -3*r = 2*s - 375, 0*s = -2*r + s + 243. Calculate the remainder when r is divided by (46/(-5))/(196/(-1470)).
54
Suppose 2*p - 6*a = -5*a + 1337, -5*p + 5*a + 3330 = 0. What is the remainder when p is divided by 114?
101
Calculate the remainder when 1/5 + 504/5 is divided by (459/(-816))/(10/(-480)).
20
Let s(m) = 234*m - 2930. Calculate the remainder when s(13) is divided by 89.
23
Let a(s) be the second derivative of s**5/20 + 2*s**4/3 - 25*s**3/6 - 8*s**2 - 34*s. What is the remainder when 66 is divided by a(-10)?
32
Let j = 41 - 18. Suppose -2*l = -2*f - 53 - 109, 5*f + 414 = 2*l. Let o = -17 - f. What is the remainder when o is divided by j?
21
What is the remainder when (-19)/(912/(-32272)) + (-3)/9 + 0 is divided by 86?
70
Let g be 0 + -5 - ((7 - 12) + -14). Suppose 61 - 16 = 5*m. Suppose g*k = m*k + 420. Calculate the remainder when k is divided by 5.
4
Calculate the remainder when (-4 - (3 + -5))*37787/(-58) is divided by 53.
31
Let p be 2394/4*30/45. Let z = p - 379. What is the remainder when 270 is divided by z?
10
Suppose 96*h + 2*h - 6804 = -28*h. Calculate the remainder when 863 is divided by h.
53
Let t be (1/((-14)/296))/(186/(-651)). Suppose 98*d - 264 = t*d. What is the remainder when 2 + -2 - (1 - 54) is divided by d?
9
Let c(l) = 34*l - 730. Calculate the remainder when 124 is divided by c(22).
16
Let b(g) = g**3 + 6*g**2 + g - 12. Suppose w = -0*w - 44. Let t = 39 + w. What is the remainder when 13 is divided by b(t)?
5
Let b(a) = 3*a**3 + a**2 + 2*a - 1. Let l = 59 - 58. Calculate the remainder when 133 is divided by b(l).
3
Let w = -1235 + 1953. Let m = w + -625. Calculate the remainder when 179 is divided by m.
86
Let t be (-3)/((-2)/(-9) + (-143)/819). Let y = -45 - t. Suppose u + 1 = 0, b = u - 5*u - 1. Calculate the remainder when y is divided by b.
0
What is the remainder when 116 - (8 - (-165)/(-15)) is divided by 91?
28
Let r(c) = 12*c**2 - 3*c - 3. Suppose -4*a = 2*x + 5 - 3, -2*x - 4 = 2*a. Let o be r(x). What is the remainder when ((-2)/3)/((-4)/o) is divided by 5?
4
Suppose 125*m = 88*m + 2960. Calculate the remainder when 500 is divided by m.
20
Let s be (-46)/6 - (-9)/(-27). Let q(z) = -2*z - 3. Calculate the remainder when 45 is divided by q(s).
6
Let k be ((-265)/(-371))/(2/14). Suppose q + 3*b = -1 + 144, -2*b - 647 = -k*q. What is the remainder when q is divided by 35?
26
Let q(c) = c**3 + 5*c**2 - 3*c - 3. Let j = 7812 - 4578. Suppose -25*u = -58*u + j. What is the remainder when u is divided by q(-4)?
23
Calculate the remainder when 67 + (3 - (-2 + (-7)/(14/(-12)))) is divided by 9.
3
What is the remainder when 17/(3 - 12696/4590 - 14/63) is divided by 15?
5
Suppose -2338 = 6*h - 544. Let l = h + 318. Calculate the remainder when 54 is divided by l.
16
Let v(t) = 900*t - 3581. Calculate the remainder when 146 is divided by v(4).
13
Let b = 51 + -35. Let u be -5*(b/(-5) + 4). What is the remainder when (-1)/(-3) + -4*u/24 is divided by 1?
0
Suppose 0*k + 3*k + 3*s - 27 = 0, -2*k + 4*s = 0. Calculate the remainder when ((-68)/6)/(k/(-9)) is divided by 7.
3
Let t = 106 + -100. Suppose 0*c - t = -d - c, 0 = -2*d + 4*c. Let b(k) = k**3 - 3*k + 5. What is the remainder when b(d) is divided by 30?
27
Let d(i) = 6*i - 27. Let r be d(12). Suppose -b = 28 - r. What is the remainder when 83 + 2/4*-2 is divided by b?
14
Let j = 160 - 1. Let b = 205 - j. What is the remainder when 137 is divided by b?
45
Let z be (4/2)/((-124)/41354). Let t = 728 + z. Calculate the remainder when 120 is divided by t.
59
Let n be (0 - -5)*6/10. Suppose 5*a - n*t = 7*a - 19, t + 15 = 2*a. Calculate the remainder when a is divided by 5.
3
Let c = 3113 - 2383. Calculate the remainder when c is divided by 16.
10
Suppose -42*h - 6970 = -124*h. Calculate the remainder when 144 is divided by h.
59
Let d(i) = 6*i**2 - 7*i - 7. Suppose -5*a = l + 191, 4*l + 0*l - a = -659. Let p = -71 - l. What is the remainder when p is divided by